base 10) to base 16
1dc
What is -60926 (base 10) in base 4?
-32313332
What is 30431 (base 6) in base 11?
3053
What is -2871 (base 14) in base 15?
-21c0
What is 739 (base 12) in base 3?
1110000
-111111100 (base 2) to base 10
-508
What is 5506 (base 16) in base 4?
11110012
-4203 (base 6) to base 10
-939
10010101 (base 2) to base 14
a9
Convert -23400 (base 5) to base 2.
-11010111101
Convert -1100011001 (base 2) to base 5.
-11133
Convert 1243 (base 5) to base 16.
c6
Convert 14d (base 16) to base 8.
515
What is 1102012 (base 3) in base 7?
3002
What is -2a4 (base 13) in base 9?
-574
What is 2000014 (base 5) in base 10?
31259
Convert 640 (base 8) to base 7.
1133
Convert 134 (base 5) to base 15.
2e
What is 51141 (base 7) in base 11?
9377
Convert -2509 (base 10) to base 12.
-1551
What is 21343 (base 5) in base 10?
1473
What is 2451 (base 7) in base 6?
4130
What is 9bc (base 13) in base 16?
68c
What is -11000 (base 2) in base 10?
-24
What is -1536 (base 8) in base 7?
-2341
What is 2040400 (base 5) in base 12?
1770a
4513 (base 12) to base 13
3633
54b2 (base 12) to base 6
111142
-3543 (base 13) to base 11
-56a0
Convert -2011121 (base 3) to base 13.
-949
What is 113021 (base 6) in base 3?
111100111
Convert 151 (base 10) to base 16.
97
115 (base 13) to base 8
273
-3b9a (base 12) to base 9
-10401
Convert -13301201 (base 4) to base 9.
-47608
Convert -1c7 (base 15) to base 8.
-634
What is 13322 (base 5) in base 9?
1437
1020002001 (base 3) to base 9
36061
What is 3072 (base 8) in base 10?
1594
Convert 4655 (base 12) to base 16.
1ea1
-1061 (base 10) to base 9
-1408
What is 21a (base 12) in base 6?
1234
Convert -1023 (base 8) to base 12.
-383
What is -1842 (base 12) in base 2?
-101101110010
12250 (base 6) to base 8
3446
Convert -414440 (base 6) to base 7.
-166320
Convert -745 (base 15) to base 4.
-121220
5359 (base 14) to base 15
43e2
-330215 (base 6) to base 3
-1101110002
249 (base 13) to base 4
12033
Convert -5ab (base 12) to base 14.
-44b
What is -11000000000 (base 2) in base 6?
-11040
-125651 (base 7) to base 2
-101110001100110
What is 75527 (base 10) in base 16?
12707
Convert 279 (base 13) to base 3.
121020
What is -249b2 (base 13) in base 12?
-33134
What is -266 (base 12) in base 14?
-1c2
198d (base 16) to base 7
25033
What is 544 (base 12) in base 13?
475
Convert a6 (base 16) to base 12.
11a
Convert -1342 (base 7) to base 11.
-433
-122020 (base 3) to base 12
-329
What is -637 (base 8) in base 13?
-25c
What is -605 (base 9) in base 11?
-407
Convert 9010 (base 10) to base 15.
2a0a
What is -13052 (base 6) in base 14?
-a12
Convert 304 (base 16) to base 7.
2152
-3a1b (base 14) to base 15
-3062
-638 (base 10) to base 15
-2c8
What is 510044 (base 6) in base 14?
1091a
Convert 19b1 (base 12) to base 13.
158b
14716 (base 8) to base 2
1100111001110
What is 10334 (base 5) in base 9?
878
What is -1020010 (base 3) in base 13?
-53a
What is 20083 (base 9) in base 4?
3032031
Convert c25 (base 15) to base 14.
dd5
144040 (base 5) to base 9
8377
What is -2108 (base 9) in base 2?
-11000001011
What is 5e4 (base 15) in base 10?
1339
Convert 804 (base 16) to base 4.
200010
What is -3203 (base 5) in base 13?
-26c
What is 224222 (base 7) in base 4?
21233132
-5b0 (base 12) to base 16
-354
Convert -353241 (base 7) to base 2.
-1111100001011110
Convert -132 (base 10) to base 4.
-2010
247a (base 12) to base 10
4126
Convert -10011001110110 (base 2) to base 6.
-113330
Convert 10655 (base 8) to base 6.
32541
Convert 11122211 (base 3) to base 6.
23421
What is 465 (base 9) in base 4?
11333
-769 (base 16) to base 7
-5350
What is -314121 (base 6) in base 13?
-b815
What is 5312 (base 10) in base 4?
1103000
Convert -40a (base 12) to base 2.
-1001001010
What is 2568 (base 10) in base 15?
b63
Convert 5a84 (base 16) to base 6.
255140
3428 (base 9) to base 12
1575
What is 271 (base 10) in base 13?
17b
What is 11210023 (base 4) in base 14?
8443
112100 (base 3) to base 10
387
-47 (base 14) to base 16
-3f
9647 (base 11) to base 13
5a63
4718 (base 11) to base 7
24022
Convert 43403 (base 5) to base 12.
1882
Convert -2186 (base 11) to base 5.
-43002
5945 (base 14) to base 10
15545
Convert 66112 (base 7) to base 2.
100000010001010
110111010110 (base 2) to base 7
13220
Convert -13504 (base 7) to base 9.
-5037
What is 4b75 (base 14) in base 6?
141135
9a8c (base 13) to base 2
101010001001011
Convert -1110010001 (base 2) to base 14.
-493
Convert 624 (base 8) to base 5.
3104
Convert -1adb (base 14) to base 3.
-20201101
-5550 (base 6) to base 12
-8b6
What is -45014 (base 6) in base 10?
-6274
10002 (base 6) to base 9
1702
-111043 (base 6) to base 15
-2b60
What is -4618 (base 15) in base 8?
-35031
Convert 12033 (base 4) to base 7.
1110
What is -1bba (base 12) in base 15?
-1054
Convert 110111 (base 4) to base 2.
10100010101
Convert -2033133 (base 4) to base 9.
-13533
-1101001111010 (base 2) to base 12
-3b0a
What is 826 (base 16) in base 6?
13354
-111010110 (base 2) to base 14
-258
What is 110101001000 (base 2) in base 7?
12625
Convert 1001000 (base 3) to base 9.
1030
420242 (base 6) to base 13
124c7
What is -13637 (base 8) in base 15?
-1bd2
2300010 (base 5) to base 7
226312
Convert 303 (base 10) to base 11.
256
1010211 (base 3) to base 14
436
What is 11620 (base 12) in base 15?
6dbc
Convert 101100011100000 (base 2) to base 6.
253200
-c7 (base 16) to base 4
-3013
What is -8a1 (base 11) in base 14?
-571
Convert -142a (base 12) to base 4.
-210202
Convert -1505 (base 7) to base 16.
-251
Convert -34c (base 13) to base 2.
-1000111011
ec80 (base 15) to base 16
c396
-211000121 (base 3) to base 5
-1003204
30321301 (base 4) to base 7
310036
What is 212020001 (base 3) in base 6?
210214
Convert 2542 (base 6) to base 11.
530
20468 (base 9) to base 15
4008
-300125 (base 6) to base 16
-5b55
Convert 34311 (base 6) to base 5.
123432
-3c0 (base 14) to base 2
-1011110100
-762 (base 10) to base 2
-1011111010
Convert -1369 (base 11) to base 6.
-12105
What is -15122 (base 6) in base 8?
-4572
-90 (base 13) to base 8
-165
-15261 (base 7) to base 5
-114012
-2d0 (base 15) to base 11
-537
Convert 1103 (base 7) to base 15.
1b5
-3211 (base 16) to base 6
-135201
What is -68a (base 13) in base 4?
-101220
Convert 5338 (base 16) to base 8.
51470
What is -363 (base 15) in base 10?
-768
Convert -476 (base 11) to base 7.
-1440
379 (base 14) to base 7
2012
-3938 (base 10) to base 7
-14324
Convert 111010111 (base 2) to base 7.
1242
What is 821b (base 12) in base 11?
a690
-111222 (base 3) to base 10
-377
What is 13905 (base 10) in base 14?
50d3
-22 (base 12) to base 5
-101
28030 (base 13) to base 11
51173
11101101100 (base 2) to base 5
30100
What is -39 (base 13) in base 12?
-40
Convert 34351 (base 6) to base 7.
20155
What is -76 (base 11) in base 16?
-53
What is 1114 (base 7) in base 5?
3103
What is 22773 (base 10) in base 2?
101100011110101
-1120112 (base 3) to base 9
-1515
-4425 (base 15) to base 3
-201210122
-24320 (base 8) to base 11
-7939
-364 (base 11) to base 5
-3213
Convert -27ac (base 14) to base 16.
-1b64
-132511 (base 8) to base 16
-b549
What is 10431 (base 5) in base 9?
1013
Convert 124031 (base 5) to base 12.
29b7
-3232 (base 4) to base 10
-238
What is 1c7 (base 16) in base 5?
3310
-85 (base 11) to base 5
-333
What is -1081 (base 11) in base 10?
-1420
7327 (base 9) to base 3
21100221
Convert 12a (base 11) to base 13.
ba
1000111001110 (base 2) to base 12
277a
-22120002 (base 3) to base 13
-2abc
7780 (base 11) to base 4
2200030
-1350 (base 15) to base 14
-1709
What is -1298 (base 11) in base 8?
-3220
-3761 (base 9) to base 15
-c74
What is 152 (base 14) in base 9?
327
What is -111143 (base 5) in base 11?
-2a47
-211 (base 4) to base 12
-31
What is -121101220 (base 3) in base 12?
-6b06
Convert 6565 (base 8) to base 12.
1bb1
What is -30c (base 15) in base 6?
-3103
Convert -4326 (base 7) to base 10.
-1539
-7848 (base 10) to base 13
-3759
Convert 4ac (base 16) to base 4.
102230
-2866 (base 15) to base 13
-3c21
110100010101 (base 2) to base 13
16a8
104124 (base 9) to base 4
33021310
What is -11111001011 (base 2) in base 12?
-11a3
Convert 311130 (base 4) to base 14.
1364
Convert 5227 (base 8) to base 7.
10622
What is -fa (base 16) in base 15?
-11a
d8 (base 16) to base 15
e6
Convert 13141 (base 7) to base 11.
26aa
Convert 2222 (base 7) to base 9